= 0. What is the greatest common factor of v and 8?
1
Suppose -2 = -z + 6. What is the highest common divisor of 24 and z?
8
Suppose -4*m - 3*z + 47 = 0, 4*z = 5*m - 7 - 75. Suppose 5*h = 5*s + 65, -5 = 4*h + 7. Let g = s + 23. Calculate the highest common factor of m and g.
7
Let h = 42 - 131. Let s = -24 - h. Calculate the greatest common factor of 13 and s.
13
Let q(v) = -6*v - 28. Let g be q(-8). What is the highest common factor of 20 and g?
20
Let s = 16 - -9. Suppose -3*f + 0*o + s = -o, 27 = 5*f + 2*o. What is the highest common divisor of f and 7?
7
Suppose -4*a = -546 - 14. Calculate the greatest common factor of a and 14.
14
Let c = 14 - -2. Calculate the greatest common factor of c and 144.
16
Suppose 3*c = 3*h + 81, -5*c + 2*h + 82 = -50. Suppose 0 = 3*z + 3*r - c - 25, -40 = -2*z - 4*r. Calculate the greatest common factor of z and 14.
14
Suppose -z - 2*k - 32 = -3*z, -2*z + 44 = k. Suppose 2*o + 5 = -7. Let j be (1 + -11)*o/15. What is the greatest common factor of z and j?
4
Suppose 2 = -k + 16. Let q = -2 + k. Suppose 8*y - 396 = 5*y. What is the highest common divisor of q and y?
12
Suppose -m + 30 = 4*m. Let t = 5 + -3. Let s be 2 + 1 + 13 + t. What is the highest common divisor of s and m?
6
Let n(i) = i**3 + 7*i**2 - 7*i + 10. Let w be n(-8). Suppose -3*b + 12 = -w*b. What is the greatest common factor of 8 and b?
4
Let i(f) = -f**3 - 7*f**2 + 2. Let q be i(-7). Suppose 4*p + 80 = q*d - p, -4*d = -3*p - 174. Calculate the greatest common factor of d and 5.
5
Let q be -27*(-5 - (-28)/6). Calculate the greatest common divisor of q and 1.
1
Let b(v) = -v**3 + 4*v**2 + 7*v - 7. Let y be b(5). Suppose y*q = 0, 5 - 65 = -3*h - 5*q. Suppose 2*o + 0*o = 8. What is the highest common divisor of o and h?
4
Let r = -4 - -14. Calculate the highest common factor of r and 40.
10
Let x be (-1356)/(-9) + (-4)/6. Calculate the greatest common factor of 60 and x.
30
Suppose -69 = -t - 3*y + 9, 150 = 2*t + 3*y. Let q = 30 - 12. Calculate the highest common factor of t and q.
18
Let m(v) = -v**3 + 6*v**2 - 5*v + 6. Let k be m(5). Let y(n) = n**2 - n - 12. Let q be y(k). Calculate the greatest common divisor of q and 198.
18
Suppose 4*w - 28 = -4*k, -5*k = -5*w + 3*w + 42. Let s = 16 + 6. What is the greatest common divisor of w and s?
11
Let n(s) = s - 12. Let p be n(6). Let u be (4/(-10))/(p/30). Suppose 3*d + 4 = 4*d + 4*f, 3*f - 55 = -4*d. What is the greatest common divisor of u and d?
2
Suppose -2*j + 85 = 3*j. Suppose -4*x - 3*h - 4 = -0, 2*x + 12 = -4*h. Suppose 102 = -0*z + x*z. Calculate the greatest common divisor of j and z.
17
Let m(b) = b**2 - 1. Let h(p) = 47*p**2 - 2*p + 2. Let s(t) = h(t) + m(t). Let u be s(1). Let w = u + -12. What is the greatest common divisor of w and 7?
7
Let t(q) be the first derivative of -q**3/3 + 5*q**2 - 7*q - 5. Let n be t(8). What is the highest common divisor of 36 and n?
9
Let p = 3 + 35. Suppose n - 2 = p. Suppose -k = -5*k + n. What is the greatest common factor of k and 30?
10
Suppose 8 = 7*k - 3*k. Suppose -387 = 5*h - 3*u - 118, 98 = -2*h - k*u. Let r be (0 + 1)*h/(-4). Calculate the highest common divisor of r and 65.
13
Let m be -2*(-1 - 55/2). Suppose -3*x + m + 63 = 0. Let q = -3 - -11. What is the highest common factor of q and x?
8
Let q(m) = m**2 - 2*m + 8. Let k be q(-6). What is the greatest common factor of 84 and k?
28
Suppose l + 512 = 5*l. Suppose 21*v = 7*v + 224. Calculate the highest common divisor of v and l.
16
Suppose -1 = -p + 1. Suppose 4*v + p*j - 70 = 4*j, 55 = 3*v - j. What is the highest common divisor of v and 40?
20
Suppose -2*y - 14 = 5*c, -4*y + 3*y + 15 = -3*c. Suppose -4 - 11 = -y*p. Calculate the greatest common factor of 20 and p.
5
Let g(c) be the second derivative of -c**5/10 - c**4/6 - c**3/3 - 2*c**2 - 2*c. Let z be g(-4). Calculate the highest common divisor of 20 and z.
20
Let i be (1 + 0)*24/(-2). Let n be 106/8 - (-3)/i. Let t be (260/16)/(-5)*-4. What is the greatest common factor of n and t?
13
Let s(y) = y + 8. Let x be s(-6). Let f(p) = -2*p + 26. Let v be f(6). Calculate the greatest common divisor of v and x.
2
Let q(j) = -j**3 - 10*j**2 + j + 1. Let n be q(-10). Let s = 18 + n. Calculate the highest common factor of 9 and s.
9
Let f be 12 + (-4 - (-8)/2). What is the highest common factor of f and 36?
12
Suppose -6*k + 5*l = -5*k + 2, 0 = -2*k - 4*l + 10. Calculate the greatest common factor of 9 and k.
3
Suppose 2*g - 10 = -2*f, 2*g + 3*f = -2*g + 21. What is the highest common factor of g and 3?
3
Let f = 1 - -2. Suppose 12 = -f*i - 6. Let h = i + 10. What is the greatest common divisor of 28 and h?
4
Suppose 5*v + 3*m - 166 = 41, -5*v + 206 = 4*m. What is the greatest common divisor of v and 28?
14
Suppose 79 + 11 = 3*o. Let y = 65 + -45. Calculate the greatest common divisor of o and y.
10
Suppose 0 = -5*h + 125 - 5. Calculate the greatest common factor of h and 264.
24
Let w(c) = c + 36. Let q be w(-11). Calculate the highest common factor of q and 225.
25
Let h = -10 - -15. Suppose 5*b - 10 = 15. What is the greatest common divisor of h and b?
5
Let z = 40 + 18. What is the highest common factor of 87 and z?
29
Suppose 3*r + 51 = 3*t, -3*r = 3*t + 2*r - 43. Suppose 132 = 4*w - 28. What is the greatest common factor of t and w?
8
Let s = 9 - -1. Suppose 0 = 5*f - 45 - 5. What is the highest common divisor of f and s?
10
Let k be ((-16)/12)/(2/(-36)). Let b(o) = -o**2 - o. Let f be b(-5). Let d be (16/f)/((-1)/10). What is the greatest common divisor of d and k?
8
Suppose -2*d + 142 - 34 = 0. Calculate the greatest common divisor of d and 6.
6
Suppose -3*v = -20 - 31. Let c(t) = -2*t**3 - 4*t**2 + 3. Let q be c(-5). Calculate the greatest common divisor of q and v.
17
Suppose 24*c - 26*c = -16. Calculate the highest common divisor of c and 28.
4
Suppose -v + 17 = -16. What is the greatest common divisor of 3 and v?
3
Let t(c) = -c**3 - 13*c**2 - c - 7. Let h be t(-13). What is the highest common divisor of 9 and h?
3
Suppose 5*t = 13 + 2. Suppose -6*i + 459 = -t*i. What is the greatest common factor of 17 and i?
17
Let b be (120/25)/(((-6)/100)/(-1)). What is the greatest common factor of b and 32?
16
Suppose 4 = j + 21. Let m = j - -33. Let f = 28 - m. What is the greatest common factor of 12 and f?
12
Let o(m) = -m**3 - 6*m**2 - 6*m - 4. Let y be o(-5). Let b = 3 - y. Suppose b*n + 3*a - 4 = 2, -4*a - 8 = 0. What is the highest common divisor of n and 66?
6
Let g be 3 - ((-102)/30 - (-4)/10). What is the greatest common divisor of 10 and g?
2
Let c be 15/(-2*1/(-8)). Suppose -4*t + 10*t + 18 = 0. Let i be c/(-4)*4/t. Calculate the highest common divisor of i and 30.
10
Suppose -2*q + 21 + 61 = 4*n, 2*q - 2*n - 94 = 0. Calculate the greatest common factor of q and 30.
15
Suppose 0 = 2*c - 0 - 4. Suppose 1 + 3 = c*y. What is the highest common factor of y and 22?
2
Let r(k) = -k**3 + 5*k**2 + 2*k - 3. Let y be r(5). What is the highest common divisor of y and 7?
7
Suppose 189 = 3*s + 4*l, -5*l - 18 - 45 = -s. Calculate the highest common divisor of s and 9.
9
Let g be 24 - 0/((2 + 0)*2). Let t = -78 - -114. What is the highest common divisor of t and g?
12
Suppose -2*i + 55 = 19. Calculate the greatest common divisor of 9 and i.
9
Let s(m) = 2*m - 1. Suppose -2*b + t + 5 = 0, -3*b - 3 = -t - 9. Let c be s(b). Calculate the greatest common divisor of c and 1.
1
Let a be (67 - 0) + -1 - 1. Let y(g) = 2*g + 2. Let l be y(-4). Let d be ((-4)/l)/((-2)/(-78)). Calculate the highest common factor of d and a.
13
Let j(t) = 10*t**2 - 4*t + 8. Let d be j(2). What is the greatest common divisor of d and 280?
40
Let l(x) = -11*x**3 - 1. Let t be l(-1). Let v be 8/(-52) - 1044/(-26). Calculate the greatest common factor of v and t.
10
Suppose -19*k = -24*k + 510. What is the highest common factor of k and 255?
51
Suppose k - 5 = 25. What is the highest common factor of k and 10?
10
Let k be 6/(-3 + 6) - (-5 + 6). Suppose -2*w + 34 = -0*s + 3*s, 2*s + 36 = 4*w. What is the highest common factor of k and w?
1
Let g(j) = j**3 - j**2 - 5*j + 5. Let r be g(3). What is the highest common factor of r and 56?
8
Let s(b) = -b**3 - b - 2. Let l(a) = -a**3 - 4*a**2 - 3*a - 1. Let j be l(-2). Let o be s(j). What is the highest common divisor of o and 42?
14
Su